 remainder when 322 is divided by d(8).
74
Suppose -236*t = -240*t - 512. Let y = 259 + t. What is the remainder when y is divided by 22?
21
Suppose 0 = m + 2, 6*l = 2*l + 4*m + 44. Calculate the remainder when 28 is divided by (l + 114/(-12))/(2/(-104)).
2
Let a(c) = 33*c**3 + 153*c**2 + 3*c + 4. Calculate the remainder when a(-4) is divided by 180.
148
Let x = 13637 + -13599. Calculate the remainder when 801 is divided by x.
3
Suppose 3*p + 9 = 0, 2*u = 6*u + 2*p - 14. Suppose -3*s + 5 = 2*s, 4*s = -u*l + 149. What is the remainder when 80 is divided by l?
22
Let j(r) be the first derivative of 3*r**4/4 + r**3 - r**2/2 - 2*r + 52. What is the remainder when 67 is divided by j(1)?
1
Let v(o) be the first derivative of 5*o**2/2 + 84*o - 39. Calculate the remainder when 15 is divided by v(-16).
3
Suppose 2*i = -2*i - 5*w + 83, 3*w + 3 = 0. Suppose 5*g = -4*g - 9. Calculate the remainder when 12*g*(-290)/40 is divided by i.
21
Suppose -219*z - 141 = -220*z. What is the remainder when 564 is divided by z?
0
Suppose -5*y = -2*c + 69, 13*c = 10*c + 3*y + 90. Calculate the remainder when 4182 is divided by c.
24
Suppose 18*t + 52 - 16 = 0. Calculate the remainder when 79 is divided by 12/(-12) + (26 - t - 0).
25
Let u(y) be the second derivative of -y**5/20 + 5*y**4/6 - y**3/6 + 11*y**2/2 - 31*y - 2. Calculate the remainder when u(9) is divided by 12.
11
Let k(i) = -4*i**3 - 7*i**2 - 3*i + 6. Let u(c) = -c**2 - c + 1. Let h(y) = -k(y) + 5*u(y). What is the remainder when h(3) is divided by 40/(-9)*(-864)/96?
39
Let i be -2 + (-892)/(-6) + 12/9. Let t = i + -116. Calculate the remainder when t is divided by 10.
2
Let r(s) be the second derivative of s**4/12 - s**3/3 + 3*s**2 - 104*s. Calculate the remainder when r(-8) is divided by 25.
11
Let i(y) = -y**3 - 5*y**2 + 29*y + 148. What is the remainder when 54 is divided by i(-7)?
11
Let b(t) = 14*t + 168. Let j be b(-12). Suppose j = 14*h - 205 + 9. What is the remainder when 236 is divided by h?
12
Let r = 191 - 137. Let j = 35 - -19. Calculate the remainder when r is divided by j.
0
Suppose -9*n + 564 - 126 = 294. Let i = 63 - 41. What is the remainder when i is divided by n?
6
Let r(y) = -5*y**2 + 159*y - 211. Calculate the remainder when r(30) is divided by ((-6)/2)/(5/(-45)).
5
Suppose -i - 4*w + 1827 = 0, 4*w + 943 + 8240 = 5*i. Calculate the remainder when i is divided by 51.
50
Suppose 5*k + 5*z - 9035 = 0, 2*k - 2*z = 1846 + 1760. What is the remainder when k is divided by 27?
23
Let x = 6 - 4. Suppose x*h + 3*i = 108 - 42, -3*h + 109 = 2*i. Calculate the remainder when 52 is divided by h.
13
Suppose v - 41 = l + 66, -7*v = -3*l - 737. What is the remainder when 320 is divided by v?
8
Suppose -6*x - 210 = -5*j - 9*x, 5*j - 170 = 5*x. Let w = -5 + j. Calculate the remainder when w is divided by 1 + 1 - (-10)/2.
6
Suppose -q - 1 = -3*x, -2*x - 2*q = -6*q - 4. Suppose -v + 46 = 4*t + 7, 5*v + 25 = x. Calculate the remainder when 142 is divided by t.
10
Let z = -106 + -313. Let j = z + 65. Let c = -180 - j. What is the remainder when c is divided by 25?
24
Let u(q) = 4*q - 3. Let c be u(20). Suppose c*o + 140 = 81*o. Let r(i) = -i**3 - 4*i**2 - 2*i + 5. What is the remainder when o is divided by r(-4)?
9
Let u(d) = 487*d + 406. What is the remainder when u(0) is divided by 4?
2
Let q = -3513 + 3567. What is the remainder when 115 is divided by q?
7
Let v(t) = -t**3 + 12*t**2 - 17*t + 17. What is the remainder when 235 is divided by v(10)?
0
Suppose 6*j = 2*j + 72. What is the remainder when (-1956)/(-11) - (319/(-2420) - (-15)/(-300)) is divided by j?
16
Suppose 2*p - 4915 = -5*u, 0 = 3*p - 23*u + 20*u - 7362. What is the remainder when p is divided by 408?
7
Suppose 4*n = -2*r + 17438, -31*r + 4*n = -34*r + 26167. Calculate the remainder when r is divided by 45.
44
Suppose 239*m = 185*m + 596 + 430. What is the remainder when 1420 is divided by m?
14
Let x(r) = 11*r - 6. What is the remainder when x(8) is divided by 21 - (16 - 98/14)?
10
Let h = 9 + -21. Calculate the remainder when ((132/(-18))/2)/(2/h) is divided by 8.
6
Let a(c) be the first derivative of 3*c**2 - 87*c - 31. Calculate the remainder when 104 is divided by a(17).
14
Suppose -4*n + 4 = 0, n + 131 = 5*i - 2*i. Let v(g) = -g**2 - 13*g - i + 0*g - 4*g. Calculate the remainder when 28 is divided by v(-12).
12
What is the remainder when 6835 is divided by (-1)/(-7 + -5)*6*258?
127
Let s(g) = -2*g**3 + 2*g**2 + 2*g - 3. Let w be s(0). Calculate the remainder when 8*(-29)/(-1) - (w + 5) is divided by 47.
42
Let i be -1*(5 + -1)/(-2). Suppose -4 = i*w, 3*l - 5*w = 5*l - 22. Suppose -45*f = -1167 + 87. What is the remainder when f is divided by l?
8
Let x = 44 + 84. Let d = x + 86. Suppose -2*s = -5*g + d, -2*g + 7*g = 3*s + 216. What is the remainder when g is divided by 22?
20
Suppose f - 12 = 111. Suppose q + 72 = 3*q. Let o = 79 - q. Calculate the remainder when f is divided by o.
37
Let y be (7 + -57)/((-8)/12). Suppose 0 = 4*b + 2*a - 7*a - 135, -2*b + y = 5*a. Calculate the remainder when 135 is divided by b.
30
Suppose r + 12*r = 1859. Suppose 307 = 25*u - r. What is the remainder when 645 is divided by u?
15
Suppose -1005 + 177 = 4*f. Let d = 226 + f. Calculate the remainder when 29 is divided by d.
10
Let l = -16447 + 16495. What is the remainder when 360 is divided by l?
24
Suppose 255*x + 806 = 2*l + 253*x, -4*l + 2*x = -1598. Calculate the remainder when 409 is divided by l.
13
Suppose 13*s + 19*s - 96 = 0. Suppose s*n + 11*n = 700. What is the remainder when 248 is divided by n?
48
Let m = 0 - -11. Let k(a) = 3*a - 29. Let t be k(m). Suppose 0 = 6*s - 2*s, -s = t*f - 568. Calculate the remainder when f is divided by 36.
34
Let y(d) = -d**2 - 17*d + 4. Let v = 570 - 479. What is the remainder when v is divided by y(-16)?
11
Suppose 31 = -3*t + 2*d, -t + 0*t = 2*d - 3. Let h = t - -12. Let g = 36 - h. What is the remainder when 184 is divided by g?
29
Suppose 4*u = 4*q + 888, 30*u - 32*u = 5*q - 402. What is the remainder when u is divided by 156?
60
Calculate the remainder when (239/(-3) + -4)/((-9)/(51 + 3)) is divided by 18.
16
Let c(f) = 44*f. Let o = -143 - -168. Suppose 37*p - 180 = o*p. Calculate the remainder when c(1) is divided by p.
14
Calculate the remainder when ((-4)/10)/(110/(-4718450)) is divided by 110.
108
Let f = 3684 + -3301. Calculate the remainder when f is divided by 45.
23
Let b = -817 + 869. What is the remainder when 205 is divided by b?
49
Suppose 4*s + 2*p - 17780 = 6*p, 5*p = 2*s - 8890. Suppose -37*m + 3695 + s = 0. What is the remainder when m is divided by 57?
49
Suppose 5*n = 4*b + 2 + 37, -5*b - 33 = -4*n. Let g(f) = n - 9 + 5*f - 22*f. Calculate the remainder when 42 is divided by g(-1).
12
Suppose 0 = 4*x - 2*a - 88, 2*a + 28 = -x + 2*x. Calculate the remainder when (1/(6 - (2375/595 + 2)))/1 is divided by x.
19
Let d(k) = -2*k**3 + 52*k**2 + 24*k + 211. What is the remainder when d(26) is divided by 70?
65
Suppose 924 = -25*i + 39*i. Let m(j) = -j**3 - 8*j**2 - 14*j - 8. Let t be m(-6). Suppose n - 15 = -t*n. What is the remainder when i is divided by n?
0
Suppose -t = -5*w, -4*w = -2*t - t + 11. Let a(l) = -3*l - 8. What is the remainder when a(-6) is divided by w?
0
Let c be 296/(-3)*(-6)/4. Let r = c + -142. What is the remainder when 23 is divided by r?
5
Suppose 5*m + 31 = 11, 5*m + 75 = q. Let n = -4 + q. Calculate the remainder when 305 is divided by n.
50
Calculate the remainder when 2283*8/(-168)*-7 is divided by 153.
149
Suppose -5*n - 3*n = 872. Let f = -124 + 64. Let s = f - n. Calculate the remainder when 293 is divided by s.
48
Let o be (-536)/10 + (-26)/65. What is the remainder when 267 is divided by (-144)/108*o/4?
15
Suppose -3*y - 4*v + 6*v + 120 = 0, 2*v + 80 = 2*y. Suppose -4*s - 2*d = -80, s + y = 3*s + 3*d. Calculate the remainder when 233 is divided by s.
13
Suppose -h - 3*v + 7 = 0, 3*h + 12*v = 13*v + 31. Suppose 0 = 4*q - 6*q + 32. Calculate the remainder when q is divided by h.
6
Suppose 2*j + 458 = 2*u, -585*u + 2*j - 1117 = -590*u. Calculate the remainder when u is divided by 45.
0
Let z = 10811 + -10488. What is the remainder when z is divided by 65?
63
Suppose -2*l = 3*l - 725. Let g = l + -475. What is the remainder when 24 is divided by ((-1)/(-3))/((-